reds digit of h?
1
Let r be 8/36 - (-178)/9. Suppose -a - 1 + 5 = -3*q, -r = -4*q - 5*a. Suppose 5*p - 5 = 3*b, q*p = -p - b + 1. What is the units digit of p?
1
Let n(x) = x + 3. Let c be n(3). Suppose 0 = c*o - o - 25. What is the units digit of o?
5
Let z(n) = -2*n - 1. Let h be z(-3). Suppose 2 + 29 = m + h*u, u - 80 = -2*m. Let c = -25 + m. What is the tens digit of c?
1
Let b(t) = -3 - 1 + 6*t - t**2 - 1. Let z be b(4). Let k(h) = -h**3 + 4*h**2 + h - 3. What is the units digit of k(z)?
9
Let k(v) be the first derivative of v**4/4 - 5*v**3/3 - 3*v**2 + 5*v - 2. Let q be k(6). Suppose 3*f - n = 22, -q*n + 7 = -3. What is the units digit of f?
8
Suppose 4*h = 2*h + 10. Let k(l) = l**2 + 7*l + 12. Let n be k(-8). Suppose -10 = 3*i + 4*y, h*i - i - n = 3*y. What is the units digit of i?
2
Let p = -260 + 384. What is the tens digit of p?
2
Let z = -13 - -51. Suppose 3*a - 2*x - z = 0, -2*a + 12 + 4 = x. Suppose -b - b = -a. What is the units digit of b?
5
Let y be (-16)/(-6) - 4/6. Suppose 4*x - 10 = y. What is the units digit of x?
3
Let i(l) = -l**3 + 7*l**2 + l - 8. What is the units digit of i(6)?
4
Suppose -4*g + 638 = -186. Suppose 3*f - w = -6*w + 136, 5*f - 2*w = g. What is the units digit of f?
2
Let n = -183 + 273. What is the units digit of n?
0
Suppose 4*a = -k + 17, -5*k + 6*a - 3*a = 30. What is the units digit of 8 - -1*(2 + k)?
7
Let k = -36 - -55. What is the units digit of k?
9
Let u(c) = 2*c**2 - 3*c + 2. Suppose d - 3 = 4*s, -3*d + 2*s + 0*s + 9 = 0. What is the tens digit of u(d)?
1
Suppose -3*m = -3*t - 213, t - 207 = -3*m - 2*t. What is the units digit of m?
0
Let r(q) = q**2 - 10*q + 4. Let j be r(8). Let f be (-81)/j + 1/4. Suppose 3*m - f*m + 56 = 0. What is the tens digit of m?
1
Suppose 42 = 2*y - 46. What is the tens digit of y?
4
What is the tens digit of ((-308)/(-6))/(1 + (-1)/3)?
7
Suppose 24*p - 20*p - 1224 = 0. What is the units digit of p?
6
What is the units digit of (-5)/15 - (-10)/3 - 1?
2
Let g(a) = 5*a**2 + a - 1. Let y be g(1). Suppose 2*n = y*n - 3. What is the units digit of n?
1
Let w be 4/6 - (-2)/6. What is the tens digit of 38/((3 - 1)/w)?
1
Let p = 47 + 37. What is the units digit of p?
4
Let t(j) = 5*j + 2. Let h(g) = -g - 5. Let l be h(-11). Suppose -5*o + l*o - 4 = 0. What is the units digit of t(o)?
2
Suppose 0 = u + 4, -3*u = a + 2*u - 52. Let q = -50 + a. What is the tens digit of q?
2
Let b be 2 + (-3 - (2 - 18)). Suppose -3*p + b = 3. What is the units digit of p?
4
Suppose 2*k - k + 1 = 0, -4*z - 2*k = -26. Suppose 3*q - 3*o - 3 = 0, -3*q + 3*o = -z*q + 18. What is the units digit of q?
3
Suppose -4*n = -i - 15, i + 2*i - n = -1. Suppose -3*q - 2*q - 5 = 0. What is the units digit of 1/(q/i) + 7?
6
Let u = -2 - 2. Let b(k) = k**2 + k + 4. What is the units digit of b(u)?
6
Suppose -3*h + 677 = 4*o, o - 3*h - 158 = -0*o. What is the hundreds digit of o?
1
Let j(u) = -u**3 + 4*u**2 + 3*u + 3. Let a = 11 + -7. What is the tens digit of j(a)?
1
Suppose 0 = -0*v + 3*v + 6. Let d(q) = -2*q + 2. What is the units digit of d(v)?
6
Let y = 16 - -2. Let o be (-4)/(-18) + 302/y. Suppose -3*q - o = 4*t, 0*q + 4*t + 23 = 3*q. What is the units digit of q?
1
Let h(g) = -g**3 + 2*g**2 + g - 2. Let d be h(1). Suppose d = -y - y + 30. What is the units digit of y?
5
Let r be (-2)/(-6) + 20/3. What is the tens digit of (-8 + r)/(1/(-15))?
1
Suppose 0 = 3*f + 3*m - 174, f + m - 38 = 4*m. Suppose f = -5*z + 128. What is the tens digit of z?
1
Suppose 2*s = -3*h + 565, 0 = 5*h + 5*s - 0*s - 940. What is the hundreds digit of h?
1
Let r(g) = 2*g - 4. Let k be r(4). Suppose -5*b + 3*b = -12. Suppose -b + 2 = -k*h. What is the units digit of h?
1
Let g be (9/12)/((-2)/96). Let b = 54 + g. What is the units digit of b?
8
Suppose -5*i + 657 + 1598 = 0. Suppose 2*j - p + i = 0, 3*p = -5*j - p - 1160. What is the tens digit of j/(-14) - 2/7?
1
Suppose 0*p - 2*p = 4*g + 82, 0 = -5*p - g - 223. What is the units digit of (-4)/(-18) - 530/p?
2
Let h(n) = 4*n**3 - 13*n**2 - 11*n + 2. Let y(a) = -a**3 + a**2. Let o(g) = h(g) + 3*y(g). What is the units digit of o(11)?
2
Let a = -3 + 4. What is the tens digit of 15 + ((-3)/a)/3?
1
Suppose -3*n + 4*w + 73 = 0, 2*n - w - 51 = -9. Let g = n + -7. What is the tens digit of g?
1
Let x = -4 - -3. What is the units digit of 3 - (2 + (x - 1))?
3
Let h(g) = -g**3 + 5*g**2 - g - 1. Let i be h(5). Let m = i + 11. What is the units digit of m?
5
Suppose -4*a + 16 = -5*g, 3*g + 2*a + 13 = a. Let y = 7 + g. What is the units digit of (-12)/(-10)*10/y?
4
Let o be 5/15 + (-2)/6. Let w = 14 - o. What is the tens digit of w?
1
Let b(z) = 31*z + 2. Let s be b(4). Suppose -10*t + 4*t = -s. What is the units digit of t?
1
Suppose -3*k = -k - 8. Suppose -k*z = -0*z - 5*v - 121, -z + 4*v = -44. What is the units digit of z?
4
Let t = -61 - -87. What is the units digit of t?
6
Let h(g) = 2*g + 11. What is the units digit of h(17)?
5
Let d = 18 + -14. What is the units digit of (1 + -9)/d - -35?
3
What is the units digit of 211 + (-3 - -2)/(2 + -1)?
0
Let g(b) = -4*b**2 + b + 3. Let z be (-2)/7 + 19/(-7). Let a be g(z). Let d = 50 + a. What is the tens digit of d?
1
Suppose r = -2*r - 2*i - 85, 0 = 2*r + 3*i + 65. Let m(l) = -l**3 - 14*l**2 - 4*l - 20. Let s be m(-14). Let q = r + s. What is the units digit of q?
1
Let n(d) = -3*d**2 + 64. What is the tens digit of n(0)?
6
Suppose w = 5*q + 6 + 23, -q = 5*w - 41. Let c = 23 + w. What is the units digit of c?
2
Suppose 5*p - 249 = -r, r + 2*r = 3*p - 153. What is the tens digit of p?
5
Let y = -293 + 452. What is the tens digit of y?
5
Let g = 3 - 6. Let z be g - (1 + 0) - -1. Let r(y) = y**2 + 2*y + 2. What is the units digit of r(z)?
5
Let s = 18 + -14. What is the units digit of s?
4
Let p = -31 - -40. What is the units digit of p?
9
Let b(v) = -15*v. Suppose 0 = -2*u + 5*c - 39 + 13, -4*u = 5*c - 8. Let z be b(u). Suppose 5 + z = 5*h. What is the tens digit of h?
1
Suppose -3 = 3*f - 15. Suppose -f*r = -4*c + 4, 0*c - 4*r - 22 = 2*c. Let a = 6 - c. What is the units digit of a?
9
Let u(q) = 82*q + 2. Let g be u(1). Suppose -5*w - g = -279. What is the units digit of w?
9
Suppose -2*g - 4 - 1 = -l, -2*l + 5 = g. Suppose -l*o = -o. Suppose 0 = r - 4*r + 3*j + 63, -5*r + 2*j + 99 = o. What is the tens digit of r?
1
Let f(d) be the first derivative of d**4/2 - d**3/3 + d + 3. What is the units digit of f(0)?
1
Suppose 0 = -3*g - 2*m + 910, -2*g + 608 = 6*m - 4*m. What is the hundreds digit of g?
3
Let k(n) be the first derivative of n**4/4 + n**3/3 - 3*n**2/2 - 2*n + 1. Let d be k(-2). Suppose d*z = z - 2. What is the units digit of z?
2
What is the units digit of 12/16 + 1/4?
1
Let x(w) be the third derivative of -w**5/60 - w**4/12 + 7*w**3/6 - 3*w**2. Let j be x(-5). What is the units digit of j*(-2 - 3/(-2))?
4
Suppose -6*l + 275 = -l. What is the units digit of l?
5
Let x be (-6)/12*(0 + 2). Let p be (2 + 1)*(0 - x). Suppose 0*d + 26 = 2*i + p*d, 5*i - 3*d = 23. What is the units digit of i?
7
Suppose -4*t + 11 + 13 = 0. Suppose -3*y = -2*x + 8 + 20, -3*x - y = -42. Suppose -x = -2*s - 2*w, -s - 5 = -5*w + t. What is the units digit of s?
4
Let m(d) = 3*d**2 - 10*d + 1. Let x be m(7). Suppose 0*r = 3*r - x. What is the tens digit of r?
2
Suppose a + 12 = -2*a. Let n(w) = -2*w - 4. Let g be n(a). Let k(z) = -z**3 + 6*z**2 - 5*z - 4. What is the units digit of k(g)?
8
Suppose -a - 58 + 172 = 0. What is the tens digit of a?
1
Let o = 42 - 23. What is the units digit of o?
9
Let s(u) = 3*u**2 + 9*u + 22. What is the tens digit of s(8)?
8
Let d = -13 + 6. What is the units digit of 1/(-1)*-1 - d?
8
Let j(a) = 2*a - 9. What is the units digit of j(11)?
3
Suppose 0 = 4*s - 5*p + 6*p - 890, -4*s + 5*p + 902 = 0. What is the units digit of s?
3
Suppose 4*q - 29 - 7 = 0. Let j be 4/(-18) - (-38)/q. Suppose -25 = -2*u + 5*r, -11 = 5*u - j*r - 48. What is the units digit of u?
5
Let l = -11 + 93. What is the tens digit of l?
8
Suppose 14 + 1 = 5*b. Let j(h) = 2*h + 3. What is the units digit of j(b)?
9
Let n = -58 - -66. What is the units digit of n?
8
Let y(l) = 6*l**2 - l - 1. What is the units digit of y(-2)?
5
Suppose 2*n - 234 = -3*a, 3*a - 285 = -5*n + 282. Let c = n - 65. What is the tens digit of c?
4
Let v(p) = -p**2 + 4*p - 4. Let n be v